{"id":2508,"date":"2018-01-26T20:40:39","date_gmt":"2018-01-26T19:40:39","guid":{"rendered":"http:\/\/www.abeilles95.fr\/?page_id=2508"},"modified":"2024-06-01T16:50:13","modified_gmt":"2024-06-01T15:50:13","slug":"contact-2","status":"publish","type":"page","link":"https:\/\/www.abeilles95.fr\/?page_id=2508","title":{"rendered":"Contacts"},"content":{"rendered":"<p>&nbsp;<\/p>\n<p align=\"center\"><i>Pour toute information sur le frelon asiatique contacter l&rsquo;un des r\u00e9f\u00e9rents indiqu\u00e9s sur la page concernant le <a href=\"https:\/\/www.abeilles95.fr\/?page_id=1806\">Frelon asiatique<\/a><\/i><\/p>\n<p>&nbsp;<\/p>\n<p><i><\/i><\/p>\n<p align=\"center\">En soumettant ce formulaire, j\u2019autorise que les informations saisies soient utilis\u00e9es pour permettre de me recontacter et j\u2019accepte la politique de confidentialit\u00e9 du site.<\/p>\n<p align=\"center\">&nbsp;<\/p>\n<p align=\"center\">Je peux demander la consultation ou la suppression de mes donn\u00e9es \u00e0 l&rsquo;aide du lien suivant <a title=\"\" href=\"https:\/\/www.abeilles95.fr\/?page_id=2683\"> export ou suppression de mes donn\u00e9es<\/a><\/p>\n<\/p>\n<p><!-- [contact-form-7 id=\"3374\" title=\"contact-aavo\"] --><\/p>\n<p><!--[contact-form-7 id=\"5907\" title=\"contact-aavo_copy\"] --><\/p>\n<div role=\"form\" class=\"wpcf7\" id=\"wpcf7-f5917-o1\" lang=\"fr-FR\" dir=\"ltr\">\n<div class=\"screen-reader-response\"><p role=\"status\" aria-live=\"polite\" aria-atomic=\"true\"><\/p> <ul><\/ul><\/div>\n<form action=\"\/index.php?rest_route=%2Fwp%2Fv2%2Fpages%2F2508#wpcf7-f5917-o1\" method=\"post\" class=\"wpcf7-form init\" novalidate=\"novalidate\" data-status=\"init\">\n<div style=\"display: none;\">\n<input type=\"hidden\" name=\"_wpcf7\" value=\"5917\" \/>\n<input type=\"hidden\" name=\"_wpcf7_version\" value=\"5.6.3\" \/>\n<input type=\"hidden\" name=\"_wpcf7_locale\" value=\"fr_FR\" \/>\n<input type=\"hidden\" name=\"_wpcf7_unit_tag\" value=\"wpcf7-f5917-o1\" \/>\n<input type=\"hidden\" name=\"_wpcf7_container_post\" value=\"0\" \/>\n<input type=\"hidden\" name=\"_wpcf7_posted_data_hash\" value=\"\" \/>\n<\/div>\n<div class=\"fine\">\n<div class=\"entete\">\n<\/div>\n<div class=\"half left cf\">\n<label> Vos Nom et Prenom <span class=\"wpcf7-form-control-wrap\" data-name=\"your-name\"><input type=\"text\" name=\"your-name\" value=\"\" size=\"40\" class=\"wpcf7-form-control wpcf7-text wpcf7-validates-as-required\" aria-required=\"true\" aria-invalid=\"false\" \/><\/span> <\/label><br \/>\n<label> Votre e-mail <\/p>\n<table border=\"0\" cellspacing=\"0\" cellpadding=\"0\">\n<\/table>\n<p><span class=\"wpcf7-form-control-wrap\" data-name=\"your-email\"><input type=\"email\" name=\"your-email\" value=\"\" size=\"40\" class=\"wpcf7-form-control wpcf7-text wpcf7-email wpcf7-validates-as-required wpcf7-validates-as-email\" aria-required=\"true\" aria-invalid=\"false\" \/><\/span> <\/label>\n<\/div>\n<div class=\"half right cf\">\n<label> Objet <span class=\"wpcf7-form-control-wrap\" data-name=\"your-subject\"><input type=\"text\" name=\"your-subject\" value=\"\" size=\"40\" class=\"wpcf7-form-control wpcf7-text wpcf7-validates-as-required\" aria-required=\"true\" aria-invalid=\"false\" \/><\/span> <\/label><br \/>\n<label> Votre message <span class=\"wpcf7-form-control-wrap\" data-name=\"your-message\"><textarea name=\"your-message\" cols=\"40\" rows=\"10\" class=\"wpcf7-form-control wpcf7-textarea\" aria-invalid=\"false\"><\/textarea><\/span> <\/label>\n<\/div>\n<p><span class=\"wpcf7-form-control-wrap\" data-name=\"quiz-347\"><label><span class=\"wpcf7-quiz-label\">1+1=?<\/span> <input type=\"text\" name=\"quiz-347\" size=\"40\" class=\"wpcf7-form-control wpcf7-quiz\" autocomplete=\"off\" aria-required=\"true\" aria-invalid=\"false\" \/><\/label><input type=\"hidden\" name=\"_wpcf7_quiz_answer_quiz-347\" value=\"3fab49d8a8ed2be8e6f79866fa581c86\" \/><\/span><br \/>\n<input type=\"submit\" value=\"Envoyer\" class=\"wpcf7-form-control has-spinner wpcf7-submit\" \/> <\/p>\n<\/div>\n<div class=\"wpcf7-response-output\" aria-hidden=\"true\"><\/div><\/form><\/div>\n","protected":false},"excerpt":{"rendered":"<p>&nbsp; Pour toute information sur le frelon asiatique contacter l&rsquo;un des r\u00e9f\u00e9rents indiqu\u00e9s sur la page concernant le Frelon asiatique &nbsp; En soumettant ce formulaire, j\u2019autorise que les informations saisies soient utilis\u00e9es pour permettre de me recontacter et j\u2019accepte la<\/p>\n","protected":false},"author":1,"featured_media":0,"parent":0,"menu_order":0,"comment_status":"closed","ping_status":"closed","template":"page-templates\/template-contact.php","meta":{"ngg_post_thumbnail":0,"footnotes":""},"_links":{"self":[{"href":"https:\/\/www.abeilles95.fr\/index.php?rest_route=\/wp\/v2\/pages\/2508"}],"collection":[{"href":"https:\/\/www.abeilles95.fr\/index.php?rest_route=\/wp\/v2\/pages"}],"about":[{"href":"https:\/\/www.abeilles95.fr\/index.php?rest_route=\/wp\/v2\/types\/page"}],"author":[{"embeddable":true,"href":"https:\/\/www.abeilles95.fr\/index.php?rest_route=\/wp\/v2\/users\/1"}],"replies":[{"embeddable":true,"href":"https:\/\/www.abeilles95.fr\/index.php?rest_route=%2Fwp%2Fv2%2Fcomments&post=2508"}],"version-history":[{"count":38,"href":"https:\/\/www.abeilles95.fr\/index.php?rest_route=\/wp\/v2\/pages\/2508\/revisions"}],"predecessor-version":[{"id":5918,"href":"https:\/\/www.abeilles95.fr\/index.php?rest_route=\/wp\/v2\/pages\/2508\/revisions\/5918"}],"wp:attachment":[{"href":"https:\/\/www.abeilles95.fr\/index.php?rest_route=%2Fwp%2Fv2%2Fmedia&parent=2508"}],"curies":[{"name":"wp","href":"https:\/\/api.w.org\/{rel}","templated":true}]}}