{"id":3051,"date":"2019-10-26T17:49:51","date_gmt":"2019-10-26T16:49:51","guid":{"rendered":"https:\/\/www.abeilles95.fr\/?page_id=3051"},"modified":"2025-08-03T15:10:18","modified_gmt":"2025-08-03T13:10:18","slug":"frelon-asiatique-les-moyens-de-lutte","status":"publish","type":"page","link":"https:\/\/www.abeilles95.fr\/?page_id=3051","title":{"rendered":"Le Frelon Asiatique : Les moyens de lutte"},"content":{"rendered":"\r\n<p>Derni\u00e8re version 3\/08\/2025<\/p>\r\n\r\n\r\n\r\n<h2 class=\"has-text-align-center wp-block-heading\"><strong>La lutte contre <\/strong><strong>le frelon \u00e0 pattes jaunes (<\/strong><strong>le frelon asiatique)<\/strong><\/h2>\r\n\r\n\r\n\r\n<p>Rappelons qu\u2019en France, l\u2019abeille constitue 1\/3 \u00e0 2\/3 de la nourriture du frelon asiatique selon la diversit\u00e9 de la faune dans son habitat. Il peut arriver qu\u2019un rucher soit la cible d\u2019attaques r\u00e9p\u00e9titives de frelons asiatiques (g\u00e9n\u00e9ralement en ao\u00fbt, septembre et octobre) provoquant le stress de la colonie. Que peut faire alors l\u2019apiculteur ?<\/p>\r\n\r\n\r\n\r\n<ul>\r\n<li>D\u00e9placer les colonies de plusieurs kilom\u00e8tres (pas toujours possible);<\/li>\r\n<li>Poser des pi\u00e8ges s\u00e9lectifs \u00e0 proximit\u00e9 des ruchers (&gt;50m);<\/li>\r\n<li>Poser plusieurs \u00ab harpes \u00bb \u00e9lectrifi\u00e9es en travers, devant les ruches pour pi\u00e9ger les frelons lorsqu\u2019ils arrivent ou font le tour du rucher;<\/li>\r\n<li>Prot\u00e9ger les ruches par l\u2019emploi de \u00ab museli\u00e8res \u00bb qui att\u00e9nue le stress des colonies, v\u00e9ritable cause de pertes de colonies. Plusieurs mod\u00e8les ont \u00e9t\u00e9 test\u00e9s depuis plusieurs ann\u00e9es pour am\u00e9liorer le trafic des abeilles tout en prot\u00e9geant de la pr\u00e9dation.<\/li>\r\n<\/ul>\r\n<p>consulter la page <strong>\u00ab\u00a0<a href=\"https:\/\/www.abeilles95.fr\/?page_id=3468\">mat\u00e9riels de protection des ruchers<\/a>\u00ab\u00a0<\/strong> pour conna\u00eetre les dispositifs les plus efficaces pour la prochaine saison.<\/p>\r\n<p>&nbsp;<\/p>\r\n\r\n\r\n\r\n<p class=\"has-text-align-center has-background\" style=\"font-size: 23px;background-color: #c4ffe7\"><strong>Le pi\u00e9geage de printemps<\/strong><\/p>\r\n<p class=\"has-text-align-center has-background\" style=\"font-size: 23px;background-color: #c4ffe7\">\r\n\r\n<\/p>\r\n\r\n\r\n\r\n\r\n\r\n<p class=\"has-text-align-center has-background\" style=\"font-size: 23px;background-color: #c4ffe7\">\r\n\r\n<\/p>\r\n<p>D\u00e8s que les conditions climatiques le permettent, les femelles fondatrices ayant surv\u00e9cu \u00e0 l\u2019hiver, vont se consacrer \u00e0 fonder une nouvelle colonie. C\u2019est principalement \u00e0 cette p\u00e9riode (mars-avril) que les apiculteurs jugent n\u00e9cessaire de capturer ces reines afin de limiter le nombre de nids. Il est plus efficace de rechercher les nids primaires (avril-mai) et les d\u00e9truire quand ils ne sont pas encore trop gros (4 \u00e0 10 cm). Ils se situent souvent entre 2 et 3m sous les balcons, les v\u00e9randas, les appentis, dans le garage,\u2026 Op\u00e9rer de nuit, quand les 4 \u00e0 10 frelons sont rentr\u00e9s.<\/p>\r\n<p class=\"has-text-align-center has-background\" style=\"font-size: 23px;background-color: #c4ffe7\">\r\n\r\n\r\n\r\n<\/p>\r\n<p><strong>Depuis 2022, un plan national de pi\u00e9geage de printemps a \u00e9t\u00e9 \u00e9labor\u00e9. Il a \u00e9t\u00e9 confirm\u00e9 par la loi \u00ab\u00a0frelon\u00a0\u00bb de mars 2025. Il se met en place progressivement (mais lentement) dans tous les d\u00e9partements. Pour son efficacit\u00e9, seuls les apiculteurs et les services techniques des communes qui ont \u00e9t\u00e9 sp\u00e9cialement form\u00e9s \u00e0 la lutte contre le frelon \u00e0 pattes jaunes, sont concern\u00e9s par ce pi\u00e9geage sp\u00e9cifique. <a href=\"https:\/\/www.abeilles95.fr\/?page_id=4143\">Voir la page sp\u00e9ciale du plan national de pi\u00e9geage de printemps.<\/a><br \/><\/strong><\/p>\r\n<p class=\"has-text-align-center has-background\" style=\"font-size: 23px;background-color: #c4ffe7\">\r\n\r\n<\/p>\r\n<p>Dans notre d\u00e9partement, au printemps, en ville ou espaces semi-urbains, <strong>il est important pour tous les particuliers de bien rechercher et d\u00e9truire les nids primaires<\/strong>.<\/p>\r\n<p class=\"has-text-align-center has-background\" style=\"font-size: 23px;background-color: #c4ffe7\">\r\n\r\n<\/p>\r\n<p class=\"has-text-align-center has-background\" style=\"font-size: 23px;background-color: #c4ffe7\"><strong>Recherche et destruction des nids primaires au printemps<\/strong><\/p>\r\n<p class=\"has-text-align-center has-background\" style=\"font-size: 23px;background-color: #c4ffe7\">\r\n\r\n<\/p>\r\n<p><a href=\"https:\/\/www.abeilles95.fr\/wp-content\/uploads\/2024\/01\/flyer-modele-printemps-recto.jpg\"><strong>flyer type mod\u00e8le<\/strong><strong> recto<\/strong><\/a>\u00a0 \u00e0 t\u00e9l\u00e9charger<\/p>\r\n<p><a href=\"https:\/\/www.abeilles95.fr\/wp-content\/uploads\/2024\/01\/flyer-modele-printemps-verso.jpg\"><strong>flyer type mod\u00e8le verso<\/strong><\/a>\u00a0 \u00e0 t\u00e9l\u00e9charger<\/p>\r\n<p class=\"has-text-align-center has-background\" style=\"font-size: 23px;background-color: #c4ffe7\">\r\n\r\n<\/p>\r\n<div class=\"wp-block-image\"><a href=\"https:\/\/www.abeilles95.fr\/wp-content\/uploads\/2024\/01\/flyer-modele-printemps-verso.jpg\"><img loading=\"lazy\" decoding=\"async\" class=\"alignnone  wp-image-5656\" src=\"https:\/\/www.abeilles95.fr\/wp-content\/uploads\/2024\/01\/flyer-modele-printemps-verso-129x300.jpg\" alt=\"\" width=\"330\" height=\"767\" \/><\/a> <a href=\"https:\/\/www.abeilles95.fr\/wp-content\/uploads\/2024\/01\/flyer-modele-printemps-recto.jpg\"><img loading=\"lazy\" decoding=\"async\" class=\"wp-image-5655 alignleft\" src=\"https:\/\/www.abeilles95.fr\/wp-content\/uploads\/2024\/01\/flyer-modele-printemps-recto-129x300.jpg\" alt=\"\" width=\"333\" height=\"775\" \/><\/a><\/div>\r\n<p class=\"has-text-align-center has-background\" style=\"font-size: 23px;background-color: #c4ffe7\">\r\n\r\n\r\n\r\n<\/p>\r\n<p class=\"has-text-align-center has-background\" style=\"font-size: 23px;background-color: #f4dd96\"><strong>Comment lutter \u00e0 l&rsquo;automne<\/strong><\/p>\r\n<p class=\"has-text-align-center has-background\" style=\"font-size: 23px;background-color: #c4ffe7\">\r\n\r\n<\/p>\r\n<p>Charger <strong>le flyer d&rsquo;automne <a href=\"https:\/\/www.abeilles95.fr\/wp-content\/uploads\/2024\/01\/flyer-automne-recto.jpg\">recto<\/a> et <\/strong><a href=\"https:\/\/www.abeilles95.fr\/wp-content\/uploads\/2024\/01\/flyer-automne-verso.jpg\"><strong>verso<\/strong><\/a><\/p>\r\n<p class=\"has-text-align-center has-background\" style=\"font-size: 23px;background-color: #c4ffe7\">\r\n\r\n<\/p>\r\n<figure class=\"wp-block-image is-resized\"><a href=\"https:\/\/www.abeilles95.fr\/wp-content\/uploads\/2024\/01\/flyer-automne-verso.jpg\"><img loading=\"lazy\" decoding=\"async\" class=\"alignnone  wp-image-5654\" src=\"https:\/\/www.abeilles95.fr\/wp-content\/uploads\/2024\/01\/flyer-automne-verso-129x300.jpg\" alt=\"\" width=\"325\" height=\"756\" \/><\/a> <a href=\"https:\/\/www.abeilles95.fr\/wp-content\/uploads\/2024\/01\/flyer-automne-recto.jpg\"><img loading=\"lazy\" decoding=\"async\" class=\"alignnone  wp-image-5653\" src=\"https:\/\/www.abeilles95.fr\/wp-content\/uploads\/2024\/01\/flyer-automne-recto-129x300.jpg\" alt=\"\" width=\"325\" height=\"756\" \/><\/a><\/figure>\r\n<p class=\"has-text-align-center has-background\" style=\"font-size: 23px;background-color: #c4ffe7\">\r\n\r\n<\/p>\r\n<div class=\"wp-block-group\"><div class=\"wp-block-group__inner-container\">\r\n<div class=\"wp-block-group__inner-container is-layout-flow wp-block-group-is-layout-flow\"><\/div>\r\n<\/div><\/div>\r\n<p class=\"has-text-align-center has-background\" style=\"font-size: 23px;background-color: #c4ffe7\">\r\n\r\n<\/p>\r\n<p>&nbsp;<\/p>\r\n<p class=\"has-text-align-center has-background\" style=\"font-size: 23px;background-color: #c4ffe7\">\r\n\r\n<\/p>\r\n<div class=\"wp-block-group\"><div class=\"wp-block-group__inner-container\">\r\n<div class=\"wp-block-group__inner-container is-layout-flow wp-block-group-is-layout-flow\">\r\n<h3 class=\"wp-block-heading\"><em><strong><a href=\"https:\/\/www.abeilles95.fr\/?page_id=3468\">Lire la suite : mat\u00e9riel de protection des ruches<\/a><\/strong><\/em><\/h3>\r\n\r\n\r\n\r\n\r\n<\/div>\r\n<\/div><\/div>\r\n<p style=\"font-size: 18px\"><\/p>\r\n","protected":false},"excerpt":{"rendered":"<p>Derni\u00e8re version 3\/08\/2025 La lutte contre le frelon \u00e0 pattes jaunes (le frelon asiatique) Rappelons qu\u2019en France, l\u2019abeille constitue 1\/3 \u00e0 2\/3 de la nourriture du frelon asiatique selon la diversit\u00e9 de la faune dans son habitat. Il peut arriver<\/p>\n","protected":false},"author":7,"featured_media":0,"parent":0,"menu_order":0,"comment_status":"closed","ping_status":"closed","template":"","meta":{"ngg_post_thumbnail":0,"footnotes":""},"_links":{"self":[{"href":"https:\/\/www.abeilles95.fr\/index.php?rest_route=\/wp\/v2\/pages\/3051"}],"collection":[{"href":"https:\/\/www.abeilles95.fr\/index.php?rest_route=\/wp\/v2\/pages"}],"about":[{"href":"https:\/\/www.abeilles95.fr\/index.php?rest_route=\/wp\/v2\/types\/page"}],"author":[{"embeddable":true,"href":"https:\/\/www.abeilles95.fr\/index.php?rest_route=\/wp\/v2\/users\/7"}],"replies":[{"embeddable":true,"href":"https:\/\/www.abeilles95.fr\/index.php?rest_route=%2Fwp%2Fv2%2Fcomments&post=3051"}],"version-history":[{"count":76,"href":"https:\/\/www.abeilles95.fr\/index.php?rest_route=\/wp\/v2\/pages\/3051\/revisions"}],"predecessor-version":[{"id":6134,"href":"https:\/\/www.abeilles95.fr\/index.php?rest_route=\/wp\/v2\/pages\/3051\/revisions\/6134"}],"wp:attachment":[{"href":"https:\/\/www.abeilles95.fr\/index.php?rest_route=%2Fwp%2Fv2%2Fmedia&parent=3051"}],"curies":[{"name":"wp","href":"https:\/\/api.w.org\/{rel}","templated":true}]}}