{"id":34,"date":"2011-11-14T09:11:46","date_gmt":"2011-11-14T09:11:46","guid":{"rendered":"http:\/\/www.abeilles95.fr\/?page_id=34"},"modified":"2018-11-09T10:50:31","modified_gmt":"2018-11-09T09:50:31","slug":"coordonnees-des-responsables","status":"publish","type":"page","link":"https:\/\/www.abeilles95.fr\/?page_id=34","title":{"rendered":"Pr\u00e9sentation"},"content":{"rendered":"<p align=\"justify\"><span>L\u2019apiculture peut certes \u00eatre \u00e9tudi\u00e9e dans les livres; mais rien ne vaut l\u2019apprentissage par l\u2019exemple et la manipulation. C\u2019est l\u00e0 tout l\u2019int\u00e9r\u00eat d\u2019un rucher-\u00e9cole, ou vous recevrez une formation vous permettant de cr\u00e9er votre propre rucher.<\/span><\/p>\n<div style=\"text-align: center\">\n            <img decoding=\"async\" alt=\"Manipulations en groupe\" src=\"https:\/\/www.abeilles95.fr\/wp-content\/uploads\/pagesrucherecole\/IMG_2964.jpg\" width=\"75%\" height=\"75%\"><br \/>\n<img decoding=\"async\" alt=\"Rucher champ\u00eatre !\" src=\"https:\/\/www.abeilles95.fr\/wp-content\/uploads\/pagesrucherecole\/IMG_3057.jpg\" width=\"75%\" height=\"75%\"><\/div>\n<p><span>Celui de l\u2019AAVO a \u00e9t\u00e9 cr\u00e9\u00e9 voici plus de vingt ans, en for\u00eat de Montmorency, dans un secteur o\u00f9 abondent les bruy\u00e8res et les ch\u00e2taigniers, plantes appr\u00e9ci\u00e9es des abeilles. Une dizaine de ruches y prosp\u00e8rent actuellement.<br \/>\nDes apiculteurs chevronn\u00e9s et b\u00e9n\u00e9voles de notre association l\u2019entretiennent.<br \/>\nDe fin mars \u00e0 septembre, le samedi apr\u00e8s-midi, ils vous expliqueront et vous montreront les diff\u00e9rentes interventions qui ponctuent l\u2019ann\u00e9e apicole, le mat\u00e9riel et les travaux divers que requiert cette activit\u00e9. Et ils vous inviteront \u00e0 participer.<\/span><\/p>\n<div style=\"text-align: center\">\n            <img decoding=\"async\" alt=\"\" src=\"https:\/\/www.abeilles95.fr\/wp-content\/uploads\/pagesrucherecole\/IMG_3029.jpg\" width=\"75%\" height=\"75%\"><\/div>\n<div style=\"text-align:center\">\n            <img decoding=\"async\" alt=\"\" src=\"https:\/\/www.abeilles95.fr\/wp-content\/uploads\/pagesrucherecole\/\/20160806_112440.jpg\" width=\"50%\" height=\"50%\"><\/div>\n<div style=\"text-align:center;color:#14CC4F;\">Ouverture de ruche<\/div>\n<table>\n<tbody>\n<tr style=\"border-width:0px;\"><\/tr>\n<tr style=\"border-width:0px;\"><\/tr>\n<tr style=\"border-width:0px;\">\n<td style=\"text-align: justify; border-width:0px;\"><\/td>\n<\/tr>\n<tr style=\"border-width:0px;\"><\/tr>\n<tr style=\" border-width:0px;\">\n<td style=\" border-width:0px;\" colspan=\"4\" align=\"justify\"><span>Vous apprendrez ainsi, par exemple, comment ouvrir une ruche, faire une visite de printemps, introduire de nouveaux cadres, diviser une colonie, d\u00e9velopper un essaim, nourrir en cas de besoin, pr\u00e9venir et traiter contre les parasites, r\u00e9colter\u2026 Mais aussi comment installer une ruche, construire des cadres, extraire et conditionner le miel et la cire\u2026<\/span><\/td>\n<\/tr>\n<tr style=\" border-width:0px;\"><\/tr>\n<tr style=\" border-width:0px;\">\n<td style=\" border-width:0px;text-align:center;\"><img decoding=\"async\" alt=\"\" src=\"https:\/\/www.abeilles95.fr\/wp-content\/uploads\/image\/rucher_ecole\/recherche_reine.jpg\" width=\"50%\" height=\"50%\"><\/p>\n<p style=\"color:#14CC4F;\">Inspection du couvain<\/p>\n<\/td>\n<td style=\" border-width:0px;text-align:center;\"><img decoding=\"async\" alt=\"\" src=\"https:\/\/www.abeilles95.fr\/wp-content\/uploads\/image\/rucher_ecole\/reine_marquage.jpg\" width=\"50%\" height=\"50%\"><\/p>\n<p style=\"color:#14CC4F;\">Marquage d&rsquo;une reine<\/p>\n<\/td>\n<\/tr>\n<tr style=\" border-width:0px;\">\n<td style=\" border-width:0px;\" colspan=\"6\" align=\"justify\"><span>Rappelons que  l\u2019apiculture est une activit\u00e9 qui exige une grande attention aux  conditions de l\u2019environnement : l\u2019\u00e9tat de la v\u00e9g\u00e9tation, la m\u00e9t\u00e9o du  jour. Et que cela fluctue. N\u2019attendez donc pas un calendrier rigide en  d\u00e9but d\u2019ann\u00e9e. Mais soyez certain que tous les points n\u00e9cessaires \u00e0 une  pratique courante de l\u2019apiculture amateur seront abord\u00e9s au cours de  l\u2019ann\u00e9e.<\/span><\/td>\n<\/tr>\n<tr style=\" border-width:0px;\">\n<td style=\" border-width:0px;\" colspan=\"6\" align=\"center\">\n<div style=\"text-align:center\"><img decoding=\"async\" alt=\"\" src=\"https:\/\/www.abeilles95.fr\/wp-content\/uploads\/pagesrucherecole\/IMG_3667.JPG\" width=\"75%\" height=\"75%\"><\/div>\n<div style=\"text-align:center;color:#14CC4F;\">F\u00eate du rucher \u00e9cole chaque mois de juin<\/div>\n<\/td>\n<\/tr>\n<tr>\n<td style=\" border-width:0px;\" colspan=\"6\" align=\"justify\"><span>La formation dispens\u00e9e est \u00e9videmment r\u00e9serv\u00e9e aux membres de l\u2019association \u00e0 jour de leur cotisation.<\/span> <em><span>Pour plus de renseignements, laissez un message sur ce site en utilisant le <span style=\"background-color: rgb(255, 102, 0);\">formulaire de contact<\/span> ou joignez le <strong>responsable<\/strong> au <span style=\"background-color: rgb(255, 102, 0);\">06 50 07 09 38.<\/span><\/span><\/em>&nbsp;<\/td>\n<\/tr>\n<tr style=\" border-width:0px;\"><\/tr>\n<\/tbody>\n<\/table>\n","protected":false},"excerpt":{"rendered":"<p>L\u2019apiculture peut certes \u00eatre \u00e9tudi\u00e9e dans les livres; mais rien ne vaut l\u2019apprentissage par l\u2019exemple et la manipulation. C\u2019est l\u00e0 tout l\u2019int\u00e9r\u00eat d\u2019un rucher-\u00e9cole, ou vous recevrez une formation vous permettant de cr\u00e9er votre propre rucher. Celui de l\u2019AAVO a<\/p>\n","protected":false},"author":1,"featured_media":0,"parent":0,"menu_order":11,"comment_status":"closed","ping_status":"closed","template":"","meta":{"ngg_post_thumbnail":0,"footnotes":""},"_links":{"self":[{"href":"https:\/\/www.abeilles95.fr\/index.php?rest_route=\/wp\/v2\/pages\/34"}],"collection":[{"href":"https:\/\/www.abeilles95.fr\/index.php?rest_route=\/wp\/v2\/pages"}],"about":[{"href":"https:\/\/www.abeilles95.fr\/index.php?rest_route=\/wp\/v2\/types\/page"}],"author":[{"embeddable":true,"href":"https:\/\/www.abeilles95.fr\/index.php?rest_route=\/wp\/v2\/users\/1"}],"replies":[{"embeddable":true,"href":"https:\/\/www.abeilles95.fr\/index.php?rest_route=%2Fwp%2Fv2%2Fcomments&post=34"}],"version-history":[{"count":54,"href":"https:\/\/www.abeilles95.fr\/index.php?rest_route=\/wp\/v2\/pages\/34\/revisions"}],"predecessor-version":[{"id":2635,"href":"https:\/\/www.abeilles95.fr\/index.php?rest_route=\/wp\/v2\/pages\/34\/revisions\/2635"}],"wp:attachment":[{"href":"https:\/\/www.abeilles95.fr\/index.php?rest_route=%2Fwp%2Fv2%2Fmedia&parent=34"}],"curies":[{"name":"wp","href":"https:\/\/api.w.org\/{rel}","templated":true}]}}