{"id":436,"date":"2012-02-06T17:40:58","date_gmt":"2012-02-06T17:40:58","guid":{"rendered":"http:\/\/www.abeilles95.fr\/?page_id=436"},"modified":"2025-12-10T12:06:12","modified_gmt":"2025-12-10T10:06:12","slug":"documentation-pratique","status":"publish","type":"page","link":"https:\/\/www.abeilles95.fr\/?page_id=436","title":{"rendered":"Documentation pratique"},"content":{"rendered":"<p><span style=\"background-color: #ffdc73;\">novembre 2025 &#8211;<\/span> Isolation des ruches pour l&rsquo;hiver : <a href=\"https:\/\/www.abeilles95.fr\/wp-content\/uploads\/2025\/12\/Isolation-ruches-2025-site-AAVO.pdf\">voir l&rsquo;expos\u00e9.<\/a>&nbsp; &nbsp;voir la video \u00ab\u00a0tutoriel isolation Dadant\u00a0\u00bb.<\/p>\n<p><span style=\"background-color: #ffdc73;\">03\/10\/2018<\/span>&#8211; Recettes pour l&rsquo;utilisation du Beefondant<\/p>\n<p><a class=\"moz-txt-link-freetext\" href=\"https:\/\/www.coupletsugars.com\/page\/recettes_candi_sirop%20nourrissement%20abeilles\/f1.html\">recettes_candi_sirop<\/a>&nbsp;<p><img decoding=\"async\" src=\"http:\/\/www.abeilles95.fr\/wp-content\/plugins\/wp-downloadmanager\/images\/ext\/pdf.gif\" alt=\"\" title=\"\" style=\"vertical-align: middle;\" \/>&nbsp;&nbsp;<strong><a href=\"https:\/\/www.abeilles95.fr\/?dl_name=recette_beefondant_Janvier_2018_-_A.pdf\">recette_beefondant_Janvier_2018_-_A.pdf<\/a><\/strong> (102,5 KiB, 1\u00a0597 hits)<\/p><p><img decoding=\"async\" src=\"http:\/\/www.abeilles95.fr\/wp-content\/plugins\/wp-downloadmanager\/images\/ext\/pdf.gif\" alt=\"\" title=\"\" style=\"vertical-align: middle;\" \/>&nbsp;&nbsp;<strong><a href=\"https:\/\/www.abeilles95.fr\/?dl_name=recette_beefondant_Janvier_2018_-_B_.pdf\">recette_beefondant_Janvier_2018_-_B_.pdf<\/a><\/strong> (99,3 KiB, 1\u00a0695 hits)<\/p><\/p>\n<p><span style=\"background-color: #ffdc73;\">06\/05\/2012<\/span> Un pi\u00e8ge \u00e0 gu\u00e8pes utilis\u00e9 en Gr\u00e8ce&nbsp;<p><img decoding=\"async\" src=\"http:\/\/www.abeilles95.fr\/wp-content\/plugins\/wp-downloadmanager\/images\/ext\/pdf.gif\" alt=\"\" title=\"\" style=\"vertical-align: middle;\" \/>&nbsp;&nbsp;<strong><a href=\"https:\/\/www.abeilles95.fr\/?dl_name=piegeaguepes.pdf\">piegeaguepes.pdf<\/a><\/strong> (232,4 KiB, 3\u00a0189 hits)<\/p><\/p>\n<p><span style=\"background-color: #ffdc73;\">10\/02\/2012<\/span> Le site du <strong>SCA<\/strong> (Soci\u00e9t\u00e9 Centrale D&rsquo;Apiculture)<\/p>\n<p><a href=\"https:\/\/www.la-sca.net\/\">https:\/\/www.la-sca.net\/<\/a><\/p>\n<p><span style=\"background-color: #ffdc73;\">25\/01\/2012 <\/span>Le site du<strong> SIARP <\/strong>(Syndicat Interd\u00e9partemental des Apiculteurs de la R\u00e9gion Parisienne)<\/p>\n<p><a class=\"moz-txt-link-freetext\" href=\"https:\/\/www.siarp.eu\/\">https:\/\/www.siarp.org\/accueil.php<\/a><\/p>\n<p><span style=\"background-color: #ffdc73;\">01\/12\/2011<\/span>&#8211; Le Blog de Nicolas Vidal Naquet v\u00e9t\u00e9rinaire specialiste des pathologies apicoles , avec infos et articles tr\u00e8s complets:&nbsp;<\/p>\n<p><a class=\"moz-txt-link-freetext\" href=\"https:\/\/nicolas.blogs.com\/apivet\/\">http:\/\/www.apivet.eu\/<\/a>&nbsp;&nbsp;<\/p>\n","protected":false},"excerpt":{"rendered":"<p>novembre 2025 &#8211; Isolation des ruches pour l&rsquo;hiver : voir l&rsquo;expos\u00e9.&nbsp; &nbsp;voir la video \u00ab\u00a0tutoriel isolation Dadant\u00a0\u00bb. 03\/10\/2018&#8211; Recettes pour l&rsquo;utilisation du Beefondant recettes_candi_sirop&nbsp; 06\/05\/2012 Un pi\u00e8ge \u00e0 gu\u00e8pes utilis\u00e9 en Gr\u00e8ce&nbsp; 10\/02\/2012 Le site du SCA (Soci\u00e9t\u00e9 Centrale D&rsquo;Apiculture)<\/p>\n","protected":false},"author":1,"featured_media":0,"parent":0,"menu_order":0,"comment_status":"closed","ping_status":"closed","template":"","meta":{"ngg_post_thumbnail":0,"footnotes":""},"_links":{"self":[{"href":"https:\/\/www.abeilles95.fr\/index.php?rest_route=\/wp\/v2\/pages\/436"}],"collection":[{"href":"https:\/\/www.abeilles95.fr\/index.php?rest_route=\/wp\/v2\/pages"}],"about":[{"href":"https:\/\/www.abeilles95.fr\/index.php?rest_route=\/wp\/v2\/types\/page"}],"author":[{"embeddable":true,"href":"https:\/\/www.abeilles95.fr\/index.php?rest_route=\/wp\/v2\/users\/1"}],"replies":[{"embeddable":true,"href":"https:\/\/www.abeilles95.fr\/index.php?rest_route=%2Fwp%2Fv2%2Fcomments&post=436"}],"version-history":[{"count":46,"href":"https:\/\/www.abeilles95.fr\/index.php?rest_route=\/wp\/v2\/pages\/436\/revisions"}],"predecessor-version":[{"id":6246,"href":"https:\/\/www.abeilles95.fr\/index.php?rest_route=\/wp\/v2\/pages\/436\/revisions\/6246"}],"wp:attachment":[{"href":"https:\/\/www.abeilles95.fr\/index.php?rest_route=%2Fwp%2Fv2%2Fmedia&parent=436"}],"curies":[{"name":"wp","href":"https:\/\/api.w.org\/{rel}","templated":true}]}}