{"id":5471,"date":"2023-07-15T18:03:43","date_gmt":"2023-07-15T17:03:43","guid":{"rendered":"https:\/\/www.abeilles95.fr\/?page_id=5471"},"modified":"2026-04-27T08:12:58","modified_gmt":"2026-04-27T06:12:58","slug":"ruches-connectees-du-rucher-ecole-aavo","status":"publish","type":"page","link":"https:\/\/www.abeilles95.fr\/?page_id=5471","title":{"rendered":"Ruches connect\u00e9es du Rucher Ecole AAVO"},"content":{"rendered":"<h3 style=\"text-align: center\"><strong>Balances connect\u00e9es du Rucher Ecole AAVO de Domont<\/strong><\/h3>\n<p>Le SIARP (syndicat des Apiculteurs de la R\u00e9gion Parisienne a obtenu un financement, dans le cadre d&rsquo;un projet soutenu par la R\u00e9gion Ile de France, pour acqu\u00e9rir des balances connect\u00e9es permettant de suivre les performances des ruches de la r\u00e9gion. L&rsquo;AAVO, dans le cadre d&rsquo;une convention avec le SIARP, a install\u00e9 des balances connect\u00e9es au rucher \u00e9cole de la Croix Blanche \u00e0 Domont.<\/p>\n<p>Le suivi des poids et aussi des temp\u00e9ratures et humidit\u00e9s des couvains, permet ainsi de suivre les miell\u00e9es mais aussi les ruptures de ponte et autre activit\u00e9s de chaque colonie.<\/p>\n<p>En particulier, on peut d\u00e9tecter la reprise de ponte en janvier par la stabilisation des temp\u00e9ratures (autour de 35 +C) et d&rsquo;humidit\u00e9 de couvain (autour de 55%HR).<\/p>\n<p>Pour l&rsquo;hivernage, les ruches consomment environ 2kg par mois suivant la population \u00e0 nourrir. Si une courbe est horizontale dans cette p\u00e9riode &#8230; la ruche est peut \u00eatre morte.<\/p>\n<p>Le sch\u00e9ma suivant donne en temps r\u00e9el l&rsquo;\u00e9volution des quatre ruches \u00e9quip\u00e9es pour les derni\u00e8res semaines.<\/p>\n<p>Les balances ont \u00e9t\u00e9 tar\u00e9es afin de mesurer le poids des ruches sans le toit, la protection, les parpaings&#8230;<\/p>\n<p>La courbe bleue de la temp\u00e9rature ext\u00e9rieure n&rsquo;est pas toujours exacte&#8230;.<\/p>\n<p>&nbsp;<\/p>\n<p style=\"text-align: center\"><span style=\"color: #008080\"><strong>Suivi des poids des ruches n\u00b0 1 \u00e0 4<\/strong><\/span><\/p>\n<div style=\"width: 1005px;height: 650px;margin: auto\">\n\n<!-- iframe plugin v.6.0 wordpress.org\/plugins\/iframe\/ -->\n<iframe loading=\"lazy\" src=\"https:\/\/www.beescale.org\/publicgraph.html?IDBAL=SIGBAL1FDE2A6_1&#038;DELAI=30&#038;MAX=70&#038;amp\" name=\"myIFrame\" scrolling=\"auto\" width=\"1000px\" height=\"645\" style=\"border: 2px solid #000000;\" class=\"iframe-class\" frameborder=\"0\"><\/iframe>\n\n<p style=\"text-align: center\"><span style=\"color: #008080\"><strong>Suivi des temp\u00e9ratures de couvain des ruches n\u00b0 1 \u00e0 4<\/strong><\/span><\/p>\n\n<!-- iframe plugin v.6.0 wordpress.org\/plugins\/iframe\/ -->\n<iframe loading=\"lazy\" src=\"https:\/\/www.beescale.org\/publicgraph.html?IDBAL=SIGBAL1FDE2A6_201&#038;DELAI=30&#038;MAX=60&#038;amp\" name=\"myIFrame\" scrolling=\"auto\" width=\"1000px\" height=\"645\" style=\"border: 2px solid #000000;\" class=\"iframe-class\" frameborder=\"0\"><\/iframe>\n\n<\/div>\n<p>&nbsp;<\/p>\n<p>&nbsp;<\/p>\n<p>&nbsp;<\/p>\n<p>&nbsp;<\/p>\n<p>&nbsp;<\/p>\n<p>&nbsp;<\/p>\n<p>&nbsp;<\/p>\n<p>&nbsp;<\/p>\n<p>&nbsp;<\/p>\n<p>&nbsp;<\/p>\n<p>&nbsp;<\/p>\n<p>&nbsp;<\/p>\n<p>&nbsp;<\/p>\n<p>&nbsp;<\/p>\n<p>&nbsp;<\/p>\n<p>&nbsp;<\/p>\n<p>&nbsp;<\/p>\n<p>&nbsp;<\/p>\n<p>&nbsp;<\/p>\n<p>&nbsp;<\/p>\n<p>&nbsp;<\/p>\n<p style=\"text-align: center\"><a href=\"https:\/\/www.abeilles95.fr\/wp-content\/uploads\/2023\/07\/vue-generale.jpg\"><br \/>\n<img loading=\"lazy\" decoding=\"async\" class=\"alignnone wp-image-5489\" src=\"https:\/\/www.abeilles95.fr\/wp-content\/uploads\/2023\/07\/vue-generale-300x169.jpg\" alt=\"\" width=\"801\" height=\"451\" srcset=\"https:\/\/www.abeilles95.fr\/wp-content\/uploads\/2023\/07\/vue-generale-300x169.jpg 300w, https:\/\/www.abeilles95.fr\/wp-content\/uploads\/2023\/07\/vue-generale-768x432.jpg 768w, https:\/\/www.abeilles95.fr\/wp-content\/uploads\/2023\/07\/vue-generale.jpg 1024w\" sizes=\"(max-width: 801px) 100vw, 801px\" \/><\/a><\/p>\n<p>&nbsp;<\/p>\n<p style=\"text-align: center;color: 010431\"><a href=\"https:\/\/www.abeilles95.fr\/wp-content\/uploads\/2023\/10\/BalancesAAVOoctobre2023.pdf\"><strong><span style=\"color: #000080\">Voir l&rsquo;expos\u00e9 AAVO balances connect\u00e9es (automne 2023)<\/span><\/strong><\/a><\/p>\n","protected":false},"excerpt":{"rendered":"<p>Balances connect\u00e9es du Rucher Ecole AAVO de Domont Le SIARP (syndicat des Apiculteurs de la R\u00e9gion Parisienne a obtenu un financement, dans le cadre d&rsquo;un projet soutenu par la R\u00e9gion Ile de France, pour acqu\u00e9rir des balances connect\u00e9es permettant de<\/p>\n","protected":false},"author":7,"featured_media":0,"parent":0,"menu_order":0,"comment_status":"closed","ping_status":"closed","template":"","meta":{"ngg_post_thumbnail":0,"footnotes":""},"_links":{"self":[{"href":"https:\/\/www.abeilles95.fr\/index.php?rest_route=\/wp\/v2\/pages\/5471"}],"collection":[{"href":"https:\/\/www.abeilles95.fr\/index.php?rest_route=\/wp\/v2\/pages"}],"about":[{"href":"https:\/\/www.abeilles95.fr\/index.php?rest_route=\/wp\/v2\/types\/page"}],"author":[{"embeddable":true,"href":"https:\/\/www.abeilles95.fr\/index.php?rest_route=\/wp\/v2\/users\/7"}],"replies":[{"embeddable":true,"href":"https:\/\/www.abeilles95.fr\/index.php?rest_route=%2Fwp%2Fv2%2Fcomments&post=5471"}],"version-history":[{"count":71,"href":"https:\/\/www.abeilles95.fr\/index.php?rest_route=\/wp\/v2\/pages\/5471\/revisions"}],"predecessor-version":[{"id":6277,"href":"https:\/\/www.abeilles95.fr\/index.php?rest_route=\/wp\/v2\/pages\/5471\/revisions\/6277"}],"wp:attachment":[{"href":"https:\/\/www.abeilles95.fr\/index.php?rest_route=%2Fwp%2Fv2%2Fmedia&parent=5471"}],"curies":[{"name":"wp","href":"https:\/\/api.w.org\/{rel}","templated":true}]}}